 8 = 6*g. What is the remainder when h is divided by 11?
9
Suppose -4*i + 45 = -63. What is the remainder when 52 is divided by i?
25
Let u = -36 - -53. What is the remainder when 65 is divided by u?
14
Suppose 4*m - 24 = 4*g, 14 = -2*g - 3*m + 7*m. Let x = 8 + g. Suppose -2*o + 105 = x*o. Calculate the remainder when o is divided by 11.
10
Let x = 30 - 8. Let m be (-8)/(-3) + 2/6. What is the remainder when x is divided by -1*24/(-9)*m?
6
Let z be 1/2 + 10/4. Suppose -4 = -4*v, 0 = z*w - 2*v - 7 - 12. What is the remainder when w is divided by 4?
3
Let b(z) = -z**2 - 8*z + 3. Suppose -i - 3 = 4. Calculate the remainder when 29 is divided by b(i).
9
Let n(g) = -g + 26. Suppose -4*j + 2*a + 13 + 39 = 0, j = 3*a + 23. Calculate the remainder when 29 is divided by n(j).
14
Suppose 2*d + 33 = -2*x + 7*x, 5*d = -3*x - 5. What is the remainder when x is divided by 4?
1
Suppose 0*g = 4*g + 5*h - 45, 2*g - 2*h = 0. Calculate the remainder when 27 is divided by g.
2
Let b(s) = s**3 + 7*s**2 - 6*s - 2. Let a be b(-6). What is the remainder when 30/a - (-176)/14 is divided by 7?
6
Suppose 4 = i, 5*v + 5*i = 4*v + 29. Let s = v - 6. Suppose -5*p = -s*d - 4*p + 57, -6 = 2*p. What is the remainder when 52 is divided by d?
16
Suppose 1 - 69 = -4*p. What is the remainder when p is divided by 6?
5
Let s = 113 - -12. What is the remainder when s is divided by 32?
29
Let p(z) = -z**3 - 11*z**2 + z - 1. Let r be p(-11). Let k = r - -24. Calculate the remainder when 33 is divided by k.
9
Let p(c) = -c**3 + 20. Let l be p(0). Let x = l + -13. Suppose 4*f - 88 = -4*q, 0 = 4*f - 0*f - 5*q - 61. What is the remainder when f is divided by x?
5
Let p(q) = 7*q - 43. Calculate the remainder when p(7) is divided by 6.
0
Let x be (-3 + 2)*-2 + -10. Calculate the remainder when 10 is divided by x/3*(-15)/10.
2
Let t(s) = s**2 - s - 1. Let n be t(0). Let x be (-1 - n)*6/6. Suppose x = -k + 2*k - 73. Calculate the remainder when k is divided by 25.
23
Let h(a) = a**2 + 26*a - 60. Calculate the remainder when 76 is divided by h(-29).
22
Let k(w) be the third derivative of w**5/30 + w**4/24 - w**3/3 + w**2. Let g be k(-2). Suppose 6 = l - g. Calculate the remainder when 29 is divided by l.
9
Let s(r) = -r + 110. Let l be s(0). Suppose 2*m - 5*q - 26 = l, -q = 3*m - 170. Calculate the remainder when m is divided by 20.
18
Let w(t) = -t - 2. Suppose -4*s - 16 - 8 = 0. What is the remainder when 7 is divided by w(s)?
3
Suppose 5*n = n - 16. Let d(j) = j**2 - 2. Let v = -30 + 56. Calculate the remainder when v is divided by d(n).
12
Let x be 375/10 - (-6)/(-4). Suppose -2*n + x = -4*s - 0*s, 0 = -s. What is the remainder when 52 is divided by n?
16
Suppose 6*s + 11 = 47. Calculate the remainder when s is divided by 3.
0
Let l(j) = -j**2 + 7*j + 19. Calculate the remainder when 50 is divided by l(8).
6
Suppose -185 = -6*j + 2*j + 3*p, -4*j + 180 = -4*p. Suppose 0 = 3*n - 8*n + 65. Calculate the remainder when j is divided by n.
11
Let x = 88 - 73. Calculate the remainder when x is divided by 1/(1/8) - 2.
3
Let p(r) = -6*r**3. Suppose 0 = -44*y + 354 + 86. Calculate the remainder when p(-2) is divided by y.
8
Let t(g) = -g**2 + 16*g + 7. Suppose 5*z + 21 = 156. Calculate the remainder when z is divided by t(16).
6
Suppose 4*v = 3*f - 40 - 22, 2*f = -5*v + 3. Suppose 151 = 5*j + 31. Let r = j - -16. What is the remainder when r is divided by f?
12
Let p(u) = u**3 - 9*u**2 - 10*u + 4. Let f be p(10). Suppose k + f*k - 35 = 0. What is the remainder when k is divided by 2?
1
Suppose -d - 41 = s, 5*d + 176 + 27 = -4*s. Let o = -25 - d. What is the remainder when 41 is divided by o?
13
Let g = -106 + 164. What is the remainder when g is divided by 12?
10
Let c = -35 - -38. What is the remainder when 17 is divided by c?
2
Suppose -4*f = -2*f. Suppose f*o = 3*o - 15. Suppose 3*s - o = -3*i + i, 2*s + 4*i = -2. Calculate the remainder when 4 is divided by s.
1
Let a be (-138)/7 - (-4)/(-14). Let j be ((-3)/2)/(15/a). Suppose -2*b = j - 18. Calculate the remainder when 22 is divided by b.
6
Suppose 0 = -r + 11 + 23. Suppose 2*l = -l + 30. Suppose -5*q - 35 = -9*d + 4*d, 2*q = l. What is the remainder when r is divided by d?
10
Suppose -4*h = -h - 855. Suppose -n + h = 4*n. What is the remainder when n is divided by 15?
12
Let k(o) be the third derivative of 0*o - 3*o**2 - 1/6*o**4 - 1/3*o**3 + 0. Calculate the remainder when k(-7) is divided by 14.
12
Suppose 3*g - 8*g = -4*m + 34, 8 = m - g. Calculate the remainder when 105 is divided by m*3*3/2.
24
Let f(d) = d**3 + 7*d**2 - d - 8. What is the remainder when f(-5) is divided by 16?
15
Suppose 0 = 24*p - 23*p - 6. What is the remainder when 28 is divided by p?
4
Let n(t) = -t**2 - t + 46. Let y be 0*((-3)/(-1) - 2). Calculate the remainder when n(y) is divided by 12.
10
Calculate the remainder when 17 is divided by -1 - -8 - 2/1.
2
Let r(c) = -c**3 - 4*c**2 + 11*c + 7. What is the remainder when 63 is divided by r(-6)?
11
Let p be 3/6 - (-11)/(-2). Let r be p/(-2) + (-1)/2. Suppose -r*j - 390 = -7*j. Calculate the remainder when j is divided by 20.
18
Suppose q + 0 = -6. Let m be (-56)/(-6)*q/4. Let s = m - -31. What is the remainder when s is divided by 6?
5
Suppose -6*g = -g - 40. What is the remainder when g is divided by 3?
2
Let a(l) = 3*l**3 - 3*l**2 - 3*l + 1. Suppose -w + 4*r + 6 = 0, 0 = 3*r + 1 + 8. Let z = w + 18. What is the remainder when a(3) is divided by z?
10
Let u = 10 - 1. Let s(c) = 12 - c**3 - 4*c - 12 + 6*c**2. Calculate the remainder when s(4) is divided by u.
7
Let u(h) = -6*h + 6. Let y be u(-3). Calculate the remainder when 14 is divided by 126/y + (-3)/12.
4
Suppose -2*t + 3*t - 10 = 0. What is the remainder when (98/8)/((-7)/(-28)) is divided by t?
9
Let o be 68/(-12) + (-2)/6. Let a(w) = w**2 + w + 1. Calculate the remainder when a(o) is divided by ((-5)/(-3) - -9) + (-1)/(-3).
9
Let u = 5 + 41. Let h = u + -25. What is the remainder when h is divided by 11?
10
Suppose q - 5 = -r, 0 = q - 0*q - 2*r + 1. Let x = q - -14. Calculate the remainder when 49 is divided by x.
15
Suppose -4*j = -2*c + 202, 2*c - 5*j - 307 = -c. What is the remainder when c is divided by 22?
21
Suppose -u + 0*l + 1 = 5*l, 0 = 3*u - 4*l + 73. Let i = -16 - u. Calculate the remainder when i is divided by 1.
0
Let d be 132/9 + (-2)/(-6). Let z = 6 - d. Let n = 55 + z. What is the remainder when n is divided by 16?
14
Let d = -15 - -22. Let h be 4/12 + (-19)/3. What is the remainder when 38 is divided by (h - d)*2/(-2)?
12
Let z = -3 + 17. What is the remainder when 52 is divided by z?
10
Let v(y) = 5*y**2 + 3*y - 3. Let j(x) = x**3 + 7*x**2 + 3. Let p be j(-7). Let f = -70 - -83. Calculate the remainder when v(p) is divided by f.
12
Calculate the remainder when 494/8 - -1 - 30/(-120) is divided by 8.
7
Let l be 1 + 0 + -1 + 0. Let d = 2 + l. What is the remainder when 32 is divided by 22*((-3)/d - -2)?
10
Suppose 4*m - 3*g = -38, -4*g + 14 = m - 3*m. Let t = 20 + m. Calculate the remainder when 26 is divided by t.
8
Let q(a) = 3*a - 11 - 10 + 5. Calculate the remainder when 65 is divided by q(11).
14
Let k(x) = x**3 - 12*x**2 - 11*x - 10. What is the remainder when 61 is divided by k(13)?
13
Suppose 3*b - 3*h - 129 = 0, -3*b + 39 + 90 = 4*h. What is the remainder when b is divided by 9?
7
Suppose -5*g + 240 = 5*r, 0*g = -3*r + 2*g + 134. What is the remainder when r is divided by 172/14 + (-4)/14?
10
Suppose 3*d + 9 = 3*k, 0 = 3*d - 6*d. What is the remainder when (k*-2)/(1 - 3) is divided by 2?
1
Suppose h - 2 = 0, 5*f + 0*h = h + 23. What is the remainder when 19 is divided by 2 + 1 - (1 - f)?
5
Suppose 4*x = 8*x - 80. Calculate the remainder when 78 is divided by x.
18
What is the remainder when 105*((-6)/(-5))/2 is divided by 16?
15
Let j = 11 + -8. Let r = j + -2. Let u = -3 - -4. Calculate the remainder when r is divided by u.
0
Suppose -14*l = -6*l - 2456. Calculate the remainder when l is divided by 62.
59
Let c(k) = 4*k + 13. What is the remainder when 64 is divided by c(0)?
12
Let a = 11 - 7. Suppose 5 = -a*r + 17. What is the remainder when 3 is divided by r?
0
Let u = 5 + 2. Let x = -57 - -33. What is the remainder when u is divided by (2/(-4))/(4/x)?
1
Suppose 32 = 2*o + 2*o. What is the remainder when 15 is divided by o?
7
Le